
True
Is 25367 a prime number?
True
Is 530293 composite?
False
Is 41651 prime?
True
Is 10522 a prime number?
False
Is 1831 a prime number?
True
Is 274579 composite?
False
Is 12979 composite?
False
Is 775661 prime?
True
Is 1034791 a prime number?
True
Is 113843 a composite number?
False
Is 1381 a composite number?
False
Is 76333 a composite number?
False
Is 4741 composite?
True
Is 103319 composite?
False
Is 56081 a composite number?
False
Is 2437 composite?
False
Is 243367 a prime number?
True
Is 97327 a prime number?
True
Is 2053 a prime number?
True
Is 368255 composite?
True
Is 513307 a prime number?
True
Is 17698 prime?
False
Is 33817 composite?
True
Is 895591 composite?
False
Is 20027 a prime number?
False
Is 11311 a composite number?
False
Is 46267 composite?
True
Is 11287 prime?
True
Is 2573209 a composite number?
False
Is 4607827 prime?
False
Is 3902 prime?
False
Is 5663 a composite number?
True
Is 77905 a prime number?
False
Is 10073 a prime number?
False
Is 2389 composite?
False
Is 6943 prime?
False
Is 33001 a composite number?
True
Is 2144209 a prime number?
True
Is 87883 a composite number?
True
Is 277669 a composite number?
True
Is 34027 prime?
False
Is 800621 a composite number?
False
Is 11291 a composite number?
True
Is 1825645 composite?
True
Is 59165 composite?
True
Is 352927 a prime number?
False
Is 3821 a composite number?
False
Is 251663 a prime number?
True
Is 13837 a prime number?
False
Is 731 a composite number?
True
Is 334231 prime?
True
Is 6733 composite?
False
Is 188119 prime?
False
Is 17647 a composite number?
True
Is 3683 prime?
False
Is 73093 a prime number?
False
Is 371 prime?
False
Is 7061 a prime number?
False
Is 1869917 a composite number?
True
Is 141935 a composite number?
True
Is 3455 prime?
False
Is 647477 a prime number?
True
Is 1811 a composite number?
False
Is 56659 prime?
True
Is 11153 composite?
True
Is 534167 composite?
False
Is 992051 prime?
True
Is 3423261 a prime number?
False
Is 27041 a composite number?
True
Is 268789 a prime number?
True
Is 281157 composite?
True
Is 1610897 a composite number?
True
Is 8927 a composite number?
True
Is 16877 prime?
False
Is 1259 prime?
True
Is 147601 prime?
False
Is 2257 composite?
True
Is 102643 a prime number?
True
Is 85759 prime?
False
Is 6899 a prime number?
True
Is 753793 prime?
True
Is 169361 a composite number?
False
Is 106291 prime?
True
Is 109217 composite?
True
Is 859601 prime?
True
Is 256337 composite?
False
Is 877 composite?
False
Is 50213 a composite number?
True
Is 57073 a composite number?
False
Is 24523 composite?
True
Is 587887 a prime number?
True
Is 14709 a composite number?
True
Is 2957 a composite number?
False
Is 8779 a composite number?
False
Is 38629 prime?
True
Is 604517 a composite number?
False
Is 392063 a prime number?
False
Is 13033 composite?
False
Is 25427 a composite number?
True
Is 1959 prime?
False
Is 80711 a prime number?
False
Is 24899 a composite number?
True
Is 611981 composite?
True
Is 14351 a prime number?
False
Is 29269 prime?
True
Is 62459 composite?
False
Is 44579 composite?
False
Is 29987 prime?
False
Is 6997 composite?
False
Is 22669 composite?
False
Is 129511 a composite number?
True
Is 341141 a composite number?
False
Is 115201 composite?
False
Is 13829 a composite number?
False
Is 109439 composite?
True
Is 740891 a composite number?
False
Is 2228945 prime?
False
Is 207659 composite?
True
Is 2543 composite?
False
Is 7033 prime?
False
Is 1774 a prime number?
False
Is 20201 a prime number?
True
Is 16309 a composite number?
True
Is 1361 a composite number?
False
Is 2869 prime?
False
Is 13591 prime?
True
Is 2151785 prime?
False
Is 18931 prime?
False
Is 33179 a prime number?
True
Is 226813 prime?
True
Is 33107 prime?
True
Is 3991 a composite number?
True
Is 5534 a composite number?
True
Is 11777 prime?
True
Is 188579 prime?
True
Is 1757 a composite number?
True
Is 1369497 a composite number?
True
Is 145727 composite?
True
Is 17337 a prime number?
False
Is 1819 prime?
False
Is 3251 a composite number?
False
Is 3443 a prime number?
False
Is 1097 composite?
False
Is 75238 a prime number?
False
Is 231643 prime?
True
Is 797 prime?
True
Is 77797 a composite number?
False
Is 38953 prime?
True
Is 2493573 prime?
False
Is 1461 a composite number?
True
Is 163703 a prime number?
False
Is 7403 a composite number?
True
Is 25591 a prime number?
False
Is 123973 composite?
False
Is 1706641 composite?
False
Is 41014 composite?
True
Is 70789 a prime number?
False
Is 1501 composite?
True
Is 321611 a composite number?
False
Is 2788827 composite?
True
Is 40253 composite?
False
Is 1209367 composite?
False
Is 16619 prime?
True
Is 219707 a composite number?
False
Is 762101 a composite number?
False
Is 1606723 a prime number?
True
Is 73709 a prime number?
True
Is 13343 a composite number?
True
Is 23227 a composite number?
False
Is 1094 a prime number?
False
Is 149291 prime?
False
Is 589331 prime?
True
Is 620717 composite?
False
Is 4831 a composite number?
False
Is 1383 composite?
True
Is 151897 composite?
False
Is 656891 a composite number?
False
Is 1901 prime?
True
Is 8923 a composite number?
False
Is 1119 prime?
False
Is 29695 prime?
False
Is 45499 a prime number?
False
Is 3438887 composite?
False
Is 16495 a prime number?
False
Is 424663 prime?
False
Is 10223 a composite number?
False
Is 24891 a prime number?
False
Is 107974 composite?
True
Is 39703 a composite number?
False
Is 5897 a composite number?
False
Is 119701 prime?
True
Is 19387 composite?
False
Is 494087 prime?
False
Is 1789187 composite?
True
Is 2376667 prime?
True
Is 2579 composite?
False
Is 20137 a prime number?
False
Is 75503 composite?
False
Is 84629 a prime number?
True
Is 25589 prime?
True
Is 1057601 prime?
False
Is 2417 prime?
True
Is 141935 prime?
False
Is 496814 composite?
True
Is 503 prime?
True
Is 83383 a prime number?
True
Is 13047 a composite number?
True
Is 9871 composite?
False
Is 777419 composite?
False
Is 161083 prime?
False
Is 397783 a prime number?
False
Is 44531 prime?
True
Is 161687 a composite number?
True
Is 5971 a prime number?
False
Is 16143 a composite number?
True
Is 58361 a prime number?
False
Is 501257 a prime number?
True
Is 4911 a prime number?
False
Is 17998 prime?
False
Is 9143 prime?
False
Is 32519 a prime number?
False
Is 180013 prime?
False
Is 75263 composite?
True
Is 13289 a prime number?
False
Is 562181 a prime number?
True
Is 40997 a composite number?
True
Is 4229 a prime number?
True
Is 552217 prime?
True
Is 317 a prime number?
True
Is 148001 a prime number?
False
Is 1167443 prime?
True
Is 1571 a composite number?
False
Is 5779 a prime number?
True
Is 172418 a prime number?
False
Is 223765 composite?
True
Is 2323987 prime?
True
Is 938437 a composite number?
False
Is 164309 a prime number?
True
Is 105601 composite?
False
Is 1165701 a prime number?
False
Is 96893 a composite number?
False
Is 30605 composite?
True
Is 578533 a prime number?
True
Is 42203 composite?
True
Is 62637 prime?
False
Is 614777 a composite number?
True
Is 31009 prime?
False
Is 13397 a prime number?
True
Is 98701 a prime number?
False
Is 487589 composite?
False
Is 1336781 a composite number?
False
Is 36029 a prime number?
False
Is 788789 a composite number?
False
Is 5755 prime?
False
Is 11603 prime?
False
Is 34057 composite?
False
Is 26149 prime?
False
Is 5261545 a prime number?
False
Is 10313 prime?
True
Is 72731 a prime number?
False
Is 526583 composite?
False
Is 24019 composite?
False
Is 1657499 a prime number?
False
Is 12239 composite?
False
Is 295705 a composite number?
True
Is 419663 composite?
True
Is 1361 prime?
True
Is 152809 composite?
False
Is 59739 a prime number?
False
Is 55379 a composite number?
True
Is 899491 composite?
False
Is 450017 prime?
False
Is 59593 a composite number?
True
Is 47339 a composite number?
False
Is 761066 a composite number?
True
Is 579107 a prime number?
True
Is 116009 prime?
True
Is 8663 a composite number?
False
Is 2407 a prime number?
False
Is 1683313 composite?
False
Is 324827 a prime number?
False
Is 4861 a prime number?
True
Is 3986 a prime number?
False
Is 187949 a composite number?
True
Is 128387 a prime number?
False
Is 4721 a composite number?
False
Is 826129 prime?
True
Is 14253 prime?
False
Is 107607 a prime number?
False
Is 